{"id":24162,"date":"2023-11-12T19:56:20","date_gmt":"2023-11-12T18:56:20","guid":{"rendered":"https:\/\/rentasunnyplace.com\/?post_type=mphb_room_type&#038;p=24162"},"modified":"2026-01-27T17:26:44","modified_gmt":"2026-01-27T16:26:44","slug":"appartement-varadero","status":"publish","type":"mphb_room_type","link":"https:\/\/rentasunnyplace.com\/es\/accommodation\/appartement-varadero\/","title":{"rendered":"Appartement Varadero ***"},"content":{"rendered":"<p><strong>Apartamento Varadero *** \u2013 Apartamento de Playa con Terraza Privada y Piscina en Torrox Costa<\/strong><\/p>\n<p>Vive la experiencia vacacional definitiva en la costa espa\u00f1ola con el Apartamento Varadero, ubicado en un lugar privilegiado en Torrox Costa, \u00a1a solo 200 metros de la playa! Este acogedor apartamento cuenta con una terraza privada junto a la piscina compartida, donde podr\u00e1s relajarte y disfrutar.<\/p>\n<p>&nbsp;<\/p>\n<h3><strong>Destacados del Apartamento Varadero:<\/strong><\/h3>\n<ul>\n<li><strong>Terraza Privada junto a la Piscina<\/strong>: Amplia terraza orientada al sur, con espacio para sentarse y tumbonas, perfecta para disfrutar del sol.<\/li>\n<li><strong>Ubicaci\u00f3n Ideal cerca de la Playa<\/strong>: A solo 200 metros del mar, con restaurantes, cafeter\u00edas y supermercados a poca distancia a pie.<\/li>\n<li><strong>Totalmente Equipado<\/strong>: Incluye lavadora, lavavajillas, conexi\u00f3n WiFi de fibra \u00f3ptica y Chromecast para entretenimiento.<\/li>\n<\/ul>\n<p>&nbsp;<\/p>\n<h3><strong>Espacios de Confort<\/strong><\/h3>\n<p><strong>Sala de Estar con Comodidades Modernas<\/strong><\/p>\n<ul>\n<li>Sof\u00e1 de tres plazas, un sill\u00f3n, aire acondicionado y televisi\u00f3n con Chromecast.<\/li>\n<li>Zona de comedor con mesa y cuatro sillas para compartir momentos agradables.<\/li>\n<\/ul>\n<p><strong>Cocina Semiabierta<\/strong><\/p>\n<ul>\n<li>Cocina completamente equipada con lavavajillas, frigor\u00edfico\/congelador, cafetera, hervidor de agua, placa vitrocer\u00e1mica y utensilios de cocina.<\/li>\n<\/ul>\n<p><strong>Habitaciones C\u00f3modas con Acceso a las Terrazas<\/strong><\/p>\n<ul>\n<li><strong>Dormitorio 1<\/strong>: Cama doble, amplio armario, sill\u00f3n relax y tocador, con acceso directo a la soleada terraza.<\/li>\n<li><strong>Dormitorio 2<\/strong>: Tres camas individuales (litera con cama extra\u00edble), armario y acceso a una segunda terraza con sombra.<\/li>\n<\/ul>\n<p><strong>Ba\u00f1o y Extras<\/strong><\/p>\n<ul>\n<li><strong>Ba\u00f1o<\/strong>: Lavabo, inodoro y ba\u00f1era\/ducha combinada para mayor comodidad.<\/li>\n<li><strong>Dos Terrazas para M\u00e1xima Comodidad<\/strong>:\n<ul>\n<li><strong>Terraza 1<\/strong>: Orientada al sur, ideal para tomar el sol con vistas a la piscina.<\/li>\n<li><strong>Terraza 2<\/strong>: Orientada al norte, con una gran mesa plegable, perfecta para disfrutar de los d\u00edas calurosos.<\/li>\n<\/ul>\n<\/li>\n<\/ul>\n<p>&nbsp;<\/p>\n<h3><strong>Piscina y Otras Instalaciones<\/strong><\/h3>\n<ul>\n<li><strong>Piscina Compartida Grande<\/strong>: Iluminada y disponible del 15 de mayo al 15 de octubre, con profundidad de 1,20 a 1,70 metros y varias duchas exteriores. NOTA IMPORTANTE: El acceso a la piscina y a la terraza adyacente solo est\u00e1 permitido cuando la piscina est\u00e1 abierta.<\/li>\n<li><strong>Plaza de Aparcamiento<\/strong>: Incluye plaza privada en el garaje comunitario para mayor comodidad (por un recargo de 50 \u20ac por estancia).<\/li>\n<\/ul>\n<p>&nbsp;<\/p>\n<h3><strong>Excelente Ubicaci\u00f3n con Servicios Cercanos<\/strong><\/h3>\n<ul>\n<li><strong>A Pie<\/strong>: Restaurantes, cafeter\u00edas, supermercados y tiendas a pocos pasos.<\/li>\n<li><strong>Actividades Cercanas<\/strong>: Campo de golf y parque acu\u00e1tico a 20 minutos en coche. El aeropuerto de M\u00e1laga est\u00e1 a 45 minutos y se pueden organizar traslados.<\/li>\n<\/ul>\n<p>&nbsp;<\/p>\n<h3><strong>Por Qu\u00e9 Elegir el Apartamento Varadero<\/strong><\/h3>\n<p>El Apartamento Varadero es perfecto para familias o parejas que buscan disfrutar de la comodidad y el lujo de un apartamento de playa en un entorno tranquilo. Rel\u00e1jate en la terraza junto a la piscina, camina hasta la playa o aprovecha las muchas comodidades cercanas sin necesidad de coche.<\/p>\n<h3><strong>Resumen<\/strong><\/h3>\n<ul>\n<li>Capacidad m\u00e1xima: 5 personas (+ beb\u00e9).<\/li>\n<li>2 habitaciones, 1 ba\u00f1o.<\/li>\n<li>Terraza privada junto a una piscina compartida.<\/li>\n<li>A solo 200 metros de la playa.<\/li>\n<\/ul>\n<h3><strong>Precios<\/strong><\/h3>\n<p>04-10-2025 \u2013 28-03-2026 \u20ac441,00<br \/>\n28-03-2026 \u2013 15-06-2026 \u20ac553,00<br \/>\n15-06-2026 \u2013 30-06-2026 \u20ac1008,00<br \/>\n30-06-2026 \u2013 31-08-2026 \u20ac1071,00<br \/>\n31-08-2026 \u2013 15-09-2026 \u20ac1008,00<br \/>\n15-09-2026 \u2013 30-09-2026 \u20ac798,00<br \/>\n30-09-2026 \u2013 19-12-2026 \u20ac441,01<br \/>\n19-12-2026 \u2013 02-01-2027 \u20ac553,00<br \/>\n02-01-2027 \u2013 03-04-2027 \u20ac441,00<br \/>\n03-04-2027 \u2013 15-06-2027 \u20ac553,00<br \/>\n15-06-2027 \u2013 30-06-2027 \u20ac1008,00<br \/>\n30-06-2027 \u2013 31-08-2027 \u20ac1071,00<br \/>\n31-08-2027 \u2013 15-09-2027 \u20ac1008,00<br \/>\n15-09-2027 \u2013 30-09-2027 \u20ac798,00<br \/>\n30-09-2027 \u2013 19-12-2027 \u20ac441,01<\/p>\n<h3><strong>Servicios y Costes Adicionales<\/strong><\/h3>\n<ul>\n<li><strong>Precios por semana<\/strong>: Hasta 4 personas.<\/li>\n<li><strong>Persona adicional<\/strong>: \u20ac20 por persona por d\u00eda.<br \/>\n<strong>Uso del garaje:<\/strong> 50 \u20ac por estancia<\/li>\n<li><strong>Fianza<\/strong>: \u20ac300 por estancia.<\/li>\n<\/ul>\n<p><strong>\u00a1Reserva ahora tu estancia en el Apartamento Varadero y disfruta de unas vacaciones relajantes en la soleada costa de Torrox!<\/strong><\/p>\n<p>NRA: ESFCTU0000290130006876190000000000000000VFT\/MA\/669304<\/p>\n","protected":false},"excerpt":{"rendered":"<p>Apartamento Varadero *** \u2013 Apartamento de Playa con Terraza Privada y Piscina en Torrox Costa Vive la experiencia vacacional definitiva en la costa espa\u00f1ola con el Apartamento Varadero, ubicado en un lugar privilegiado en Torrox Costa, \u00a1a solo 200 metros de la playa! Este acogedor apartamento cuenta con una terraza privada junto a la piscina [&hellip;]<\/p>\n","protected":false},"featured_media":33322,"menu_order":0,"comment_status":"closed","ping_status":"closed","template":"","mphb_room_type_category":[276],"mphb_room_type_tag":[],"mphb_room_type_facility":[242,380,279,273,250,246,258,274,269,270,248,280,272,262,249,302,386,263,370,252,373,264,281,284,271,240,304],"class_list":["post-24162","mphb_room_type","type-mphb_room_type","status-publish","has-post-thumbnail","hentry","mphb_room_type_category-a-ultima-hora","mphb_room_type_facility-aire-acondicionado","mphb_room_type_facility-prive-parkeerplaats-es","mphb_room_type_facility-bano","mphb_room_type_facility-cafetera","mphb_room_type_facility-congelador","mphb_room_type_facility-cuna","mphb_room_type_facility-ducha-al-aire-libre","mphb_room_type_facility-hervidor","mphb_room_type_facility-horno","mphb_room_type_facility-lavadora","mphb_room_type_facility-lavavajillas","mphb_room_type_facility-maquina-de-sandwiches","mphb_room_type_facility-microondas","mphb_room_type_facility-mosquiteras-es","mphb_room_type_facility-nevera","mphb_room_type_facility-no-fumar","mphb_room_type_facility-no-se-admiten-mascotas","mphb_room_type_facility-ropa-de-cama","mphb_room_type_facility-secador","mphb_room_type_facility-smart-tv-es","mphb_room_type_facility-toallas","mphb_room_type_facility-toallas-playa","mphb_room_type_facility-tostadora","mphb_room_type_facility-tv-es","mphb_room_type_facility-vitroceramica","mphb_room_type_facility-wi-fi-gratuito","mphb_room_type_facility-zwembad-es","mphb_ra_types-apartamento","mphb_ra_locatie-torrox-es","mphb-room-type-adults-5","mphb-room-type-children-0",""],"acf":[],"_links":{"self":[{"href":"https:\/\/rentasunnyplace.com\/es\/wp-json\/wp\/v2\/mphb_room_type\/24162","targetHints":{"allow":["GET"]}}],"collection":[{"href":"https:\/\/rentasunnyplace.com\/es\/wp-json\/wp\/v2\/mphb_room_type"}],"about":[{"href":"https:\/\/rentasunnyplace.com\/es\/wp-json\/wp\/v2\/types\/mphb_room_type"}],"replies":[{"embeddable":true,"href":"https:\/\/rentasunnyplace.com\/es\/wp-json\/wp\/v2\/comments?post=24162"}],"wp:featuredmedia":[{"embeddable":true,"href":"https:\/\/rentasunnyplace.com\/es\/wp-json\/wp\/v2\/media\/33322"}],"wp:attachment":[{"href":"https:\/\/rentasunnyplace.com\/es\/wp-json\/wp\/v2\/media?parent=24162"}],"wp:term":[{"taxonomy":"mphb_room_type_category","embeddable":true,"href":"https:\/\/rentasunnyplace.com\/es\/wp-json\/wp\/v2\/mphb_room_type_category?post=24162"},{"taxonomy":"mphb_room_type_tag","embeddable":true,"href":"https:\/\/rentasunnyplace.com\/es\/wp-json\/wp\/v2\/mphb_room_type_tag?post=24162"},{"taxonomy":"mphb_room_type_facility","embeddable":true,"href":"https:\/\/rentasunnyplace.com\/es\/wp-json\/wp\/v2\/mphb_room_type_facility?post=24162"}],"curies":[{"name":"wp","href":"https:\/\/api.w.org\/{rel}","templated":true}]}}

<p><strong>Apartamento Varadero *** – Apartamento de Playa con Terraza Privada y Piscina en Torrox Costa</strong></p>
<p>Vive la experiencia vacacional definitiva en la costa española con el Apartamento Varadero, ubicado en un lugar privilegiado en Torrox Costa, ¡a solo 200 metros de la playa! Este acogedor apartamento cuenta con una terraza privada junto a la piscina compartida, donde podrás relajarte y disfrutar.</p>
<p>&nbsp;</p>
<h3><strong>Destacados del Apartamento Varadero:</strong></h3>
<ul>
<li><strong>Terraza Privada junto a la Piscina</strong>: Amplia terraza orientada al sur, con espacio para sentarse y tumbonas, perfecta para disfrutar del sol.</li>
<li><strong>Ubicación Ideal cerca de la Playa</strong>: A solo 200 metros del mar, con restaurantes, cafeterías y supermercados a poca distancia a pie.</li>
<li><strong>Totalmente Equipado</strong>: Incluye lavadora, lavavajillas, conexión WiFi de fibra óptica y Chromecast para entretenimiento.</li>
</ul>
<p>&nbsp;</p>
<h3><strong>Espacios de Confort</strong></h3>
<p><strong>Sala de Estar con Comodidades Modernas</strong></p>
<ul>
<li>Sofá de tres plazas, un sillón, aire acondicionado y televisión con Chromecast.</li>
<li>Zona de comedor con mesa y cuatro sillas para compartir momentos agradables.</li>
</ul>
<p><strong>Cocina Semiabierta</strong></p>
<ul>
<li>Cocina completamente equipada con lavavajillas, frigorífico/congelador, cafetera, hervidor de agua, placa vitrocerámica y utensilios de cocina.</li>
</ul>
<p><strong>Habitaciones Cómodas con Acceso a las Terrazas</strong></p>
<ul>
<li><strong>Dormitorio 1</strong>: Cama doble, amplio armario, sillón relax y tocador, con acceso directo a la soleada terraza.</li>
<li><strong>Dormitorio 2</strong>: Tres camas individuales (litera con cama extraíble), armario y acceso a una segunda terraza con sombra.</li>
</ul>
<p><strong>Baño y Extras</strong></p>
<ul>
<li><strong>Baño</strong>: Lavabo, inodoro y bañera/ducha combinada para mayor comodidad.</li>
<li><strong>Dos Terrazas para Máxima Comodidad</strong>:
<ul>
<li><strong>Terraza 1</strong>: Orientada al sur, ideal para tomar el sol con vistas a la piscina.</li>
<li><strong>Terraza 2</strong>: Orientada al norte, con una gran mesa plegable, perfecta para disfrutar de los días calurosos.</li>
</ul>
</li>
</ul>
<p>&nbsp;</p>
<h3><strong>Piscina y Otras Instalaciones</strong></h3>
<ul>
<li><strong>Piscina Compartida Grande</strong>: Iluminada y disponible del 15 de mayo al 15 de octubre, con profundidad de 1,20 a 1,70 metros y varias duchas exteriores. NOTA IMPORTANTE: El acceso a la piscina y a la terraza adyacente solo está permitido cuando la piscina está abierta.</li>
<li><strong>Plaza de Aparcamiento</strong>: Incluye plaza privada en el garaje comunitario para mayor comodidad (por un recargo de 50 € por estancia).</li>
</ul>
<p>&nbsp;</p>
<h3><strong>Excelente Ubicación con Servicios Cercanos</strong></h3>
<ul>
<li><strong>A Pie</strong>: Restaurantes, cafeterías, supermercados y tiendas a pocos pasos.</li>
<li><strong>Actividades Cercanas</strong>: Campo de golf y parque acuático a 20 minutos en coche. El aeropuerto de Málaga está a 45 minutos y se pueden organizar traslados.</li>
</ul>
<p>&nbsp;</p>
<h3><strong>Por Qué Elegir el Apartamento Varadero</strong></h3>
<p>El Apartamento Varadero es perfecto para familias o parejas que buscan disfrutar de la comodidad y el lujo de un apartamento de playa en un entorno tranquilo. Relájate en la terraza junto a la piscina, camina hasta la playa o aprovecha las muchas comodidades cercanas sin necesidad de coche.</p>
<h3><strong>Resumen</strong></h3>
<ul>
<li>Capacidad máxima: 5 personas (+ bebé).</li>
<li>2 habitaciones, 1 baño.</li>
<li>Terraza privada junto a una piscina compartida.</li>
<li>A solo 200 metros de la playa.</li>
</ul>
<h3><strong>Precios</strong></h3>
<p>04-10-2025 – 28-03-2026 €441,00<br />
28-03-2026 – 15-06-2026 €553,00<br />
15-06-2026 – 30-06-2026 €1008,00<br />
30-06-2026 – 31-08-2026 €1071,00<br />
31-08-2026 – 15-09-2026 €1008,00<br />
15-09-2026 – 30-09-2026 €798,00<br />
30-09-2026 – 19-12-2026 €441,01<br />
19-12-2026 – 02-01-2027 €553,00<br />
02-01-2027 – 03-04-2027 €441,00<br />
03-04-2027 – 15-06-2027 €553,00<br />
15-06-2027 – 30-06-2027 €1008,00<br />
30-06-2027 – 31-08-2027 €1071,00<br />
31-08-2027 – 15-09-2027 €1008,00<br />
15-09-2027 – 30-09-2027 €798,00<br />
30-09-2027 – 19-12-2027 €441,01</p>
<h3><strong>Servicios y Costes Adicionales</strong></h3>
<ul>
<li><strong>Precios por semana</strong>: Hasta 4 personas.</li>
<li><strong>Persona adicional</strong>: €20 por persona por día.<br />
<strong>Uso del garaje:</strong> 50 € por estancia</li>
<li><strong>Fianza</strong>: €300 por estancia.</li>
</ul>
<p><strong>¡Reserva ahora tu estancia en el Apartamento Varadero y disfruta de unas vacaciones relajantes en la soleada costa de Torrox!</strong></p>
<p>NRA: ESFCTU0000290130006876190000000000000000VFT/MA/669304</p>

<p>Apartamento Varadero *** – Apartamento de Playa con Terraza Privada y Piscina en Torrox Costa Vive la experiencia vacacional definitiva en la costa española con el Apartamento Varadero, ubicado en un lugar privilegiado en Torrox Costa, ¡a solo 200 metros de la playa! Este acogedor apartamento cuenta con una terraza privada junto a la piscina [&hellip;]</p>
